- -34. Let n be ((-56)/x + 6/2)*-6. Suppose n*w - 776 = 577. Is w prime?
False
Suppose 6310476 - 1600200 = 18*l. Is l a prime number?
False
Let h(s) = -42*s**3 - 5*s**2 - 3. Let j(z) = 42*z**3 + 6*z**2 + 3. Let x(n) = -7*h(n) - 6*j(n). Suppose 0 = c + 2*c - 6. Is x(c) prime?
False
Let c = -56288 + 83730. Is c a prime number?
False
Let u be 0/11*(2/1)/(-4). Is (52/8)/((-2)/(-212) - u) prime?
False
Let a(c) = -57*c**3 - 13*c**2 + 9*c + 1. Let r be a(-17). Is r/84 - 4/14 a prime number?
False
Suppose u + 3*d + 2*d + 14 = 0, -2*u + 2*d = -8. Let p = 308 - u. Is p prime?
True
Suppose 4*a - 24 = -5*m - 3, -5*a + 20 = 0. Let f be ((-72471)/18)/(-1) - m/6. Suppose -4*v = 2*b - 14286, b - f - 3082 = 5*v. Is b a composite number?
True
Suppose -4*v - 17375 = 36141. Let k = v + 24466. Is k composite?
False
Let w(h) = 10*h - 22. Let f be w(3). Is (16 - f) + (4 - -7589) composite?
True
Suppose -48*q - 5*u + 22988 = -47*q, -68916 = -3*q + u. Is q composite?
False
Let h(j) = 2*j**3 - 3*j + 2. Let l be h(-2). Is 3 + 13218/9 - l/(-12) a composite number?
False
Let h(p) = -17*p - 1 + 2*p**2 + 0 - 5 - 1. Is h(12) a composite number?
True
Suppose 0 = -2*z + 5*d + 269, 6*d - 8*d = z - 121. Is z - (-3 - (3 - 6)) a prime number?
True
Let x(b) = 35*b - 19. Let y(d) = -d**2 - 13*d - 3. Let w be y(-9). Suppose 0 = 3*z - 51 + w. Is x(z) a prime number?
True
Suppose f - 14 = -3*w, w - 6*w + 50 = 3*f. Is 5102/2 + f + -26 a composite number?
True
Suppose -5*h + 2 - 2 = 0. Let d(g) = g**2 + 3*g + 6. Let u be d(h). Let q(x) = 25*x**2 + 9*x - 17. Is q(u) prime?
True
Let l be (-1*1)/(32/(-38848)). Suppose 5*k - 1300 = 5*r, 0 = 5*k + 4*r - 104 - l. Is k prime?
False
Let h be (-1)/(((-18)/3)/30). Is h + (612 + 6)*5 a prime number?
False
Is ((-2)/10)/((-634)/6077844170) a composite number?
False
Let j(y) = 2*y**2 + 31*y + 5221. Is j(0) a composite number?
True
Let l(d) = d**3 - 12*d**2 + 2*d - 14. Let t be l(12). Let o(k) = -3*k**2 + 29*k + 12. Let r be o(t). Suppose -6*b + 18572 = -r*b. Is b a composite number?
False
Let y(x) = 9*x**3 + 9*x**2 - 5*x - 8. Suppose 5*n - 74 = l - 24, 2*n - 38 = 4*l. Is y(n) a prime number?
True
Suppose -127989 = 10*m - 417279. Is m a prime number?
False
Let o be (-12)/(3 - 7) - 0. Suppose -3*l + h = -2*l, 15 = o*h. Suppose -4*x = -l*g + 19915, -4*x = g + 4*g - 19875. Is g a composite number?
True
Let r(c) = 13*c**2 + 2*c - 3. Suppose 0 = 7*f - 3*f + 4*l - 20, -4*f = l - 11. Suppose -f*i + 8*i = -60. Is r(i) a prime number?
True
Suppose 1798*y = 1781*y + 2369647. Is y a prime number?
False
Suppose -53 = 2*w - 63. Suppose -o + w*z = -0*z, -z - 9 = -2*o. Suppose 1370 = o*f - 1565. Is f composite?
False
Let u(n) = n**3 + 6*n**2 + 5*n - 4. Let m be u(-5). Let r(v) = -364*v**2 - v + 64. Let i(z) = 121*z**2 - 21. Let g(l) = 7*i(l) + 2*r(l). Is g(m) a prime number?
False
Let q be (1 - 0) + 5/1. Suppose q*j + 14 = -j. Is (j - -1)/(4/(-7796)) prime?
True
Let u be (16/(-4))/((-2)/9). Let n be 113289/u - 1/(-6). Suppose r + 5*r - n = 0. Is r prime?
True
Let r = -36 - -41. Let n be 2/r - 583/(-5). Suppose -3*x - n = -i + 2*x, -246 = -2*i + 4*x. Is i composite?
False
Suppose -6*z + 14 = -4. Suppose 5*i - 202 + 43 = -3*a, z*a + 138 = 4*i. Suppose -5*q + 4*l + 71 = -28, 0 = 2*q + 5*l - i. Is q a prime number?
True
Suppose 351*j - 356*j - 4*b = -29871, -b = 2*j - 11952. Is j a composite number?
True
Suppose 0 = 4*w - 4531 + 12087. Is w*4/(4 + -8) composite?
False
Suppose 0 = 4*b - b + 513. Suppose -2*v = 2, 3*x + 2*v - 131 - 662 = 0. Let g = b + x. Is g a prime number?
False
Suppose 0 = -28*h + 13*h + 19*h - 56428. Is h a prime number?
True
Let h(m) = 69*m**2 - 11*m + 38. Let x be h(7). Is (-1 - -6) + x + -4 a prime number?
True
Suppose 4*v = 6*i + 1274008, -5*v - 2*i + 867331 = -725236. Is v a composite number?
True
Let a(u) be the second derivative of 3*u**5/10 - 7*u**4/12 + 5*u**3/6 + 5*u**2/2 + u. Let s = -5533 + 5539. Is a(s) a composite number?
True
Let h(f) = f**2 - f + 2. Let l be h(0). Let q(v) = 0*v - v**l - 4*v - 2*v + 2*v**2 - 24. Is q(-5) composite?
False
Suppose 3*q - 57708 = -3*v + 34629, -30783 = -v + q. Is v composite?
False
Suppose 2*d + 2*f = 134284, 6*f = -5*d + 11*f + 335720. Is d a prime number?
False
Let l(m) be the second derivative of -m**5/10 - 17*m**4/12 - 4*m**3/3 + 16*m**2 - 57*m. Is l(-13) composite?
False
Suppose -79*t + 12*t + 21087111 = 0. Is t prime?
False
Let p be 10/(-1)*(-1 + -2). Is -2 + 995 - 0*3/p composite?
True
Let l be (-390)/(-52)*((-29)/3 - -1). Let p = l - -344. Let s = p + -164. Is s a prime number?
False
Let l = -6 + 10. Suppose -c - l*c - 5 = 2*w, -c - 1 = -3*w. Suppose 0 = -2*g + 3*x + 1162, -2*g - 4*x = -w*x - 1162. Is g composite?
True
Suppose -103 + 40 = -2*g - 5*h, 4*h = -g + 24. Let y = g - -327. Is y a prime number?
False
Suppose 0 = 10*i - 8*i - 2*w - 19576, 5*i + 6*w - 48995 = 0. Is i composite?
True
Suppose 7*x - 9 = 6*x + 3*y, -15 = 3*x + 5*y. Let g be 3/15 - (-14)/5. Suppose g*r - 5*r + 182 = x. Is r a composite number?
True
Suppose 0 = 66*o - 65*o + 29. Let l = o + 23. Is 2/l - (-29428)/21 prime?
False
Let s = -171697 - -263246. Is s prime?
False
Let a(o) be the first derivative of 7*o + 14 - 1/2*o**2 + 113*o**3. Is a(2) prime?
True
Suppose 4*q = 6*q + 2, 0 = g - 3*q + 7. Is (-130340)/g - 2/2 composite?
False
Suppose 5472 = -6*d - 10*d. Let l = 157 - d. Is l prime?
True
Let d = -1599 + 1601. Let w = -185 + 439. Suppose -3*p = -0*p + 5*s - w, -d*p + 164 = -2*s. Is p prime?
True
Let o = -30272 + 184653. Is o a prime number?
False
Let o be 8/5*(-1 + (-28)/(-8)). Suppose -o*h = -b - 2*h + 14, -2*h - 8 = 0. Suppose -5223 = -b*w - 501. Is w a composite number?
False
Let q(m) = 71*m + 148. Let x be q(12). Let h = x - -1927. Is h a composite number?
False
Let k = -1364 - -878. Let p = 984 + k. Let o = p + -195. Is o a prime number?
False
Suppose 0 = -5*m - 3*i + 639985, -4*i + 255994 = 46*m - 44*m. Is m a prime number?
True
Is (-1)/(-1) + (4 + 296126 - 5 - 7) prime?
False
Suppose -5*h = -6*u - 70603, -4*h + 2*h - 4*u = -28222. Is h a prime number?
False
Suppose s + d = 2961, 4*s = 2*d - 7872 + 19728. Suppose -3*c + 382 + s = 0. Is c composite?
True
Let t be (16 + 6)/(2/(-2) + 3). Suppose -t*f - 422238 = -17*f. Is f prime?
True
Let u = 2026 + -3600. Let d = u + 2955. Is d a prime number?
True
Let c = -865 - -869. Let q be 7726/5 + 3/(-15). Suppose -10*t + 7*t + q = -2*a, -c*a = 0. Is t composite?
True
Let l be ((-2)/3)/(-4*2/108). Suppose -11214 = -l*d + 24597. Is d composite?
True
Let l(h) = 200*h + 1153. Let v be l(18). Let g = 7 + -3. Suppose g*s - v + 1245 = 0. Is s composite?
False
Let z = 5083 + 6192. Let t = 26244 - z. Is t a prime number?
True
Suppose h - 14*i + 9*i - 3 = 0, -2*i + 26 = 3*h. Is (2 - h) + 1 - -1736 composite?
True
Let l(v) = v**3 + 11*v**2 - v - 8. Let i be l(-11). Is (-2 - 1)/i + 740 composite?
False
Let b = -13137 + 22023. Is (5/((-135)/18))/((-4)/b) a composite number?
False
Let h(d) = 4469*d**3 - 7*d**2 + 14*d + 9. Is h(2) a prime number?
False
Let z = 39 - 37. Let r be z/(-12) - (-3769)/6. Let c = -377 + r. Is c composite?
False
Let i be (-10)/(-4 + (-3)/(-2)). Suppose -2*y = 4*j - y + 694, 0 = i*y + 8. Let u = 2406 - j. Is u composite?
False
Is 13 + -10 + (619663 - 12 - (-6)/2) a prime number?
True
Let a(b) = 9*b**3 + 12*b**2 - 3*b. Let s be a(-3). Is 3*7/s - (-30037)/6 a composite number?
True
Let z(c) = -c**3 + 87*c**2 + 132*c + 59. Is z(47) a composite number?
True
Suppose -3181*c - 385184 = -3213*c. Is c a composite number?
False
Suppose -4*l - 4*y - 4 = 0, -4*l + 5*y - 1 = -6. Is l - 1172/(0 + -4) a prime number?
True
Let h(q) = -5*q + 33. Let g be h(-17). Let d = g - 84. Is d prime?
False
Let v = -5508 + 13957. Suppose 0 = 205*y - 198*y - v. Is y composite?
True
Let l = 15 - 11. Let z be l + -1 - (-3 + -928) - -3. Suppose 11295 + z = 8*f. Is f composite?
True
Suppose 32*g - 1878956 = 8989428. Is g composite?
False
Let j(k) = -k. Let u be j(-3). Suppose -u*g + 5195 = -4*q, g + q - 1737 = -3*q. Suppose -7*v + 24 + g = 0. Is v prime?
True
Suppose 0 = 86*x - 376*x - 3757123 + 25596153. Is x composite?
False
Let s = 583 - 530. Suppose 36*w - s*w = -40001. Is w prime?
False
Let j be 315/(-140) + 8266/8. Suppose 0*g = -2*g. Suppose g = -3*a + 370 + j. Is a prime?
True
Suppose 6*z 